 ten thousands digit of 17113307?
1
What is the ten millions digit of 78873896?
7
What is the hundred thousands digit of 225971729?
9
What is the units digit of 1310417034?
4
What is the tens digit of 100228317?
1
What is the ten millions digit of 28668643?
2
What is the hundreds digit of 336284635?
6
What is the hundred millions digit of 503909202?
5
What is the units digit of 146883882?
2
What is the ten thousands digit of 25399637?
9
What is the thousands digit of 51897207?
7
What is the ten thousands digit of 647889611?
8
What is the units digit of 1066713912?
2
What is the units digit of 2969638853?
3
What is the hundred millions digit of 156946676?
1
What is the millions digit of 3549279963?
9
What is the thousands digit of 950157411?
7
What is the hundred thousands digit of 277388464?
3
What is the units digit of 40571923?
3
What is the ten thousands digit of 395013513?
1
What is the ten millions digit of 192955466?
9
What is the millions digit of 1597893403?
7
What is the hundred thousands digit of 6854044859?
0
What is the hundreds digit of 429676516?
5
What is the hundred thousands digit of 84417775?
4
What is the ten thousands digit of 631916504?
1
What is the ten thousands digit of 8877553836?
5
What is the units digit of 2760795167?
7
What is the ten millions digit of 885728483?
8
What is the millions digit of 3138514171?
8
What is the units digit of 743757068?
8
What is the ten millions digit of 36581810?
3
What is the ten thousands digit of 1927077296?
7
What is the hundred millions digit of 454878072?
4
What is the hundreds digit of 3496715554?
5
What is the ten thousands digit of 3914760?
1
What is the millions digit of 1332554821?
2
What is the hundred thousands digit of 286428722?
4
What is the ten thousands digit of 5012922474?
2
What is the millions digit of 38253728?
8
What is the ten millions digit of 53599579?
5
What is the millions digit of 245029994?
5
What is the ten thousands digit of 108616673?
1
What is the millions digit of 1858764948?
8
What is the ten millions digit of 18962193?
1
What is the units digit of 499903569?
9
What is the hundreds digit of 242893223?
2
What is the ten thousands digit of 639041985?
4
What is the units digit of 1413945464?
4
What is the millions digit of 95301609?
5
What is the thousands digit of 251682355?
2
What is the tens digit of 59483299?
9
What is the tens digit of 202931871?
7
What is the hundred millions digit of 289633751?
2
What is the hundred millions digit of 7071502181?
0
What is the thousands digit of 68020931?
0
What is the units digit of 500767502?
2
What is the ten millions digit of 746994960?
4
What is the hundreds digit of 3657843?
8
What is the hundred thousands digit of 4742060355?
0
What is the tens digit of 39061806?
0
What is the hundreds digit of 26519235?
2
What is the units digit of 591479850?
0
What is the tens digit of 7925816?
1
What is the hundreds digit of 2254886108?
1
What is the units digit of 18227019?
9
What is the billions digit of 8578335069?
8
What is the millions digit of 31340664?
1
What is the tens digit of 881612210?
1
What is the millions digit of 109447818?
9
What is the ten millions digit of 2985531280?
8
What is the tens digit of 2354007016?
1
What is the hundred thousands digit of 11252885?
2
What is the ten millions digit of 478026971?
7
What is the hundred thousands digit of 5559487750?
4
What is the ten millions digit of 53810356?
5
What is the hundred thousands digit of 312379912?
3
What is the ten thousands digit of 151465481?
6
What is the units digit of 384955188?
8
What is the tens digit of 900856876?
7
What is the hundred thousands digit of 1994520?
9
What is the thousands digit of 159108663?
8
What is the millions digit of 46442305?
6
What is the hundred millions digit of 1483023506?
4
What is the ten thousands digit of 23571599?
7
What is the thousands digit of 17926581?
6
What is the ten millions digit of 34156259?
3
What is the ten thousands digit of 922007270?
0
What is the tens digit of 5114066501?
0
What is the tens digit of 280749031?
3
What is the hundred millions digit of 747185651?
7
What is the thousands digit of 448481005?
1
What is the hundred millions digit of 664927945?
6
What is the tens digit of 1317372747?
4
What is the thousands digit of 364299994?
9
What is the ten thousands digit of 719640109?
4
What is the ten thousands digit of 62259651?
5
What is the millions digit of 5500767?
5
What is the hundreds digit of 16648670?
6
What is the billions digit of 1223480181?
1
What is the thousands digit of 731448813?
8
What is the ten millions digit of 1364087942?
6
What is the hundred thousands digit of 14161399?
1
What is the units digit of 149436542?
2
What is the billions digit of 4606265007?
4
What is the millions digit of 203413712?
3
What is the ten millions digit of 175697418?
7
What is the units digit of 48231118?
8
What is the hundred thousands digit of 2956348521?
3
What is the ten thousands digit of 2276423034?
2
What is the ten thousands digit of 116886574?
8
What is the thousands digit of 812425982?
5
What is the tens digit of 25172898?
9
What is the hundred millions digit of 6678726906?
6
What is the thousands digit of 1797609051?
9
What is the millions digit of 4299518351?
9
What is the millions digit of 45435655?
5
What is the units digit of 29244662?
2
What is the units digit of 69627040?
0
What is the tens digit of 53937671?
7
What is the thousands digit of 255980683?
0
What is the millions digit of 1781281080?
1
What is the units digit of 27788343?
3
What is the ten thousands digit of 325809678?
0
What is the hundred millions digit of 436861236?
4
What is the units digit of 81334412?
2
What is the ten thousands digit of 66541719?
4
What is the tens digit of 56046109?
0
What is the hundreds digit of 267767576?
5
What is the tens digit of 178601118?
1
What is the thousands digit of 6644655645?
5
What is the thousands digit of 18630082?
0
What is the ten thousands digit of 2406698187?
9
What is the units digit of 35637415?
5
What is the millions digit of 87020914?
7
What is the ten thousands digit of 35391343?
9
What is the ten thousands digit of 76229726?
2
What is the ten thousands digit of 2555552696?
5
What is the ten thousands digit of 576652662?
5
What is the ten millions digit of 1303350479?
0
What is the tens digit of 63351160?
6
What is the thousands digit of 11915690?
5
What is the ten millions digit of 81445502?
8
What is the millions digit of 1056512845?
6
What is the ten millions digit of 331934804?
3
What is the hundred millions digit of 966673352?
9
What is the hundred thousands digit of 31619582?
6
What is the thousands digit of 1043537512?
7
What is the hundred millions digit of 4888225335?
8
What is the units digit of 202131073?
3
What is the thousands digit of 59474497?
4
What is the hundreds digit of 53119035?
0
What is the ten thousands digit of 2815039437?
3
What is the millions digit of 1893709966?
3
What is the ten thousands digit of 513333274?
3
What is the ten thousands digit of 1119534543?
3
What is the thousands digit of 1921589410?
9
What is the hundred millions digit of 113712080?
1
What is the tens digit of 1948178013?
1
What is the billions digit of 2204285892?
2
What is the ten millions digit of 1032831243?
3
What is the hundred millions digit of 621805338?
6
What is the hundreds digit of 64783457?
4
What is the tens digit of 402885?
8
What is the units digit of 3188997448?
8
What is the billions digit of 3139687718?
3
What is the hundreds digit of 81452224?
2
What is the units digit of 639755891?
1
What is the hundred thousands digit of 358333543?
3
What is the units digit of 636677883?
3
What is the tens digit of 580207093?
9
What is the hundred millions digit of 4770949038?
7
What is the ten millions digit of 41176335?
4
What is the tens digit of 106862137?
3
What is the hundreds digit of 2764645909?
9
What is the units digit of 3031486631?
1
What is the hundred millions digit of 482045145?
4
What is the units digit of 6846157?
7
What is the thousands digit of 191093945?
3
What is the billions digit of 5289200602?
5
What is the hundreds digit of 730113191?
1
What is the hundred thousands digit of 915896482?
8
What is the units digit of 2281083658?
8
What is th